s digit of 7667?
7
What is the thousands digit of 7612?
7
What is the thousands digit of 79134?
9
What is the tens digit of 103677?
7
What is the thousands digit of 3617?
3
What is the tens digit of 4770?
7
What is the tens digit of 3867?
6
What is the thousands digit of 25272?
5
What is the ten thousands digit of 23817?
2
What is the tens digit of 10322?
2
What is the units digit of 29521?
1
What is the hundreds digit of 84888?
8
What is the units digit of 1902?
2
What is the ten thousands digit of 203608?
0
What is the tens digit of 5265?
6
What is the tens digit of 1303?
0
What is the hundreds digit of 35701?
7
What is the units digit of 1599?
9
What is the hundreds digit of 2043?
0
What is the thousands digit of 52517?
2
What is the thousands digit of 24851?
4
What is the hundreds digit of 926?
9
What is the thousands digit of 124237?
4
What is the ten thousands digit of 15213?
1
What is the units digit of 30902?
2
What is the units digit of 806?
6
What is the thousands digit of 1280?
1
What is the tens digit of 2544?
4
What is the hundreds digit of 8958?
9
What is the hundreds digit of 389?
3
What is the ten thousands digit of 30405?
3
What is the units digit of 6152?
2
What is the thousands digit of 15491?
5
What is the units digit of 5599?
9
What is the units digit of 3792?
2
What is the tens digit of 599?
9
What is the hundreds digit of 77302?
3
What is the units digit of 3166?
6
What is the units digit of 524?
4
What is the tens digit of 1125?
2
What is the hundreds digit of 1649?
6
What is the units digit of 4122?
2
What is the thousands digit of 13074?
3
What is the units digit of 668?
8
What is the hundreds digit of 8310?
3
What is the thousands digit of 2156?
2
What is the thousands digit of 6392?
6
What is the hundreds digit of 117?
1
What is the units digit of 28116?
6
What is the tens digit of 11429?
2
What is the thousands digit of 7392?
7
What is the thousands digit of 2466?
2
What is the thousands digit of 29527?
9
What is the ten thousands digit of 12420?
1
What is the units digit of 36862?
2
What is the hundreds digit of 1488?
4
What is the tens digit of 135872?
7
What is the tens digit of 13413?
1
What is the thousands digit of 1463?
1
What is the units digit of 654?
4
What is the thousands digit of 3208?
3
What is the ten thousands digit of 90940?
9
What is the tens digit of 19879?
7
What is the ten thousands digit of 91068?
9
What is the units digit of 408?
8
What is the hundreds digit of 78264?
2
What is the thousands digit of 64392?
4
What is the units digit of 332?
2
What is the units digit of 411?
1
What is the tens digit of 6216?
1
What is the thousands digit of 23427?
3
What is the thousands digit of 8375?
8
What is the hundreds digit of 1161?
1
What is the thousands digit of 85142?
5
What is the thousands digit of 18556?
8
What is the hundreds digit of 313?
3
What is the hundreds digit of 936?
9
What is the units digit of 812?
2
What is the ten thousands digit of 66400?
6
What is the thousands digit of 8780?
8
What is the tens digit of 769?
6
What is the units digit of 3962?
2
What is the units digit of 3199?
9
What is the tens digit of 5518?
1
What is the tens digit of 2886?
8
What is the units digit of 2091?
1
What is the ten thousands digit of 114943?
1
What is the thousands digit of 8177?
8
What is the thousands digit of 7550?
7
What is the tens digit of 901?
0
What is the thousands digit of 1289?
1
What is the hundreds digit of 12008?
0
What is the hundreds digit of 3324?
3
What is the units digit of 2175?
5
What is the units digit of 6228?
8
What is the units digit of 1647?
7
What is the tens digit of 56375?
7
What is the ten thousands digit of 20659?
2
What is the thousands digit of 17130?
7
What is the thousands digit of 63393?
3
What is the tens digit of 4625?
2
What is the units digit of 669?
9
What is the tens digit of 6350?
5
What is the units digit of 51945?
5
What is the ten thousands digit of 78806?
7
What is the thousands digit of 50711?
0
What is the thousands digit of 132914?
2
What is the hundreds digit of 1077?
0
What is the units digit of 4152?
2
What is the ten thousands digit of 138980?
3
What is the tens digit of 170?
7
What is the tens digit of 3774?
7
What is the units digit of 103445?
5
What is the thousands digit of 1027?
1
What is the ten thousands digit of 34793?
3
What is the hundreds digit of 830?
8
What is the units digit of 46567?
7
What is the hundreds digit of 1009?
0
What is the tens digit of 1443?
4
What is the thousands digit of 175253?
5
What is the tens digit of 3035?
3
What is the units digit of 435?
5
What is the thousands digit of 1977?
1
What is the hundreds digit of 129?
1
What is the thousands digit of 44552?
4
What is the tens digit of 1415?
1
What is the tens digit of 745?
4
What is the tens digit of 1425?
2
What is the hundreds digit of 5433?
4
What is the units digit of 6066?
6
What is the hundreds digit of 10228?
2
What is the units digit of 27760?
0
What is the tens digit of 2379?
7
What is the tens digit of 36310?
1
What is the units digit of 360?
0
What is the units digit of 79?
9
What is the units digit of 26406?
6
What is the units digit of 265?
5
What is the units digit of 1384?
4
What is the ten thousands digit of 11253?
1
What is the thousands digit of 3141?
3
What is the hundreds digit of 1986?
9
What is the thousands digit of 25683?
5
What is the units digit of 1347?
7
What is the hundreds digit of 9170?
1
What is the ten thousands digit of 76759?
7
What is the ten thousands digit of 128942?
2
What is the units digit of 15568?
8
What is the units digit of 1102?
2
What is the hundreds digit of 11053?
0
What is the units digit of 656?
6
What is the units digit of 8570?
0
What is the hundreds digit of 8351?
3
What is the ten thousands digit of 51762?
5
What is the tens digit of 2374?
7
What is the thousands digit of 40759?
0
What is the units digit of 6493?
3
What is the units digit of 350?
0
What is the thousands digit of 3305?
3
What is the hundreds digit of 137616?
6
What is the units digit of 149093?
3
What is the hundreds digit of 602?
6
What is the thousands digit of 41138?
1
What is the thousands digit of 16603?
6
What is the thousands digit of 1785?
1
What is the tens digit of 1438?
3
What is the units digit of 28056?
6
What is the units digit of 11064?
4
What is the units digit of 1572?
2
What is the thousands digit of 73496?
3
What is the hundreds digit of 705?
7
What is the hundreds digit of 15702?
7
What is the tens digit of 2781?
8
What is the tens digit of 319?
1
What is the units digit of 856?
6
What is the hundreds digit of 14167?
1
What is the thousands digit of 2239?
2
What is the tens digit of 975?
7
What is the tens digit of 9253?
5
What is the thousands digit of 1815?
1
What is the ten thousands digit of 73070?
7
What is the hundreds digit of 130543?
5
What is the tens digit of 6181?
8
What is the tens digit of 8168?
6
What is the hundreds digit of 19973?
9
What is the tens digit of 8626?
2
What is the hundreds digit of 17727?
7
What is the tens digit of 3438?
3
What is the units digit of 12748?
8
What is the thousands digit of 17297?
7
What is the units digit of 2302?
2
What is the hundreds digit of 15940?
9
What is the tens digit of 18110?
1
What is the tens digit of 1507?
0
What is the thousands digit of 48134?
8
What is the tens digit of 776?
7
What is the thousands digit of 1838?
1
What is the units digit of 71586?
6
What is the tens digit of 10345?
4
What is the units digit of 70096?
6
What is the hundreds digit of 40705?
7
What is the units digit of 80?
0
What is the units digit of 991?
1
What is the units digit of 2182?
2
What is the hundreds digit of 3872?
8
What is the units digit of 7411?
1
What is the thousands digit of 1149?
1
What is the hundreds digit of 706?
7
What is the thousands digit of 16060?
6
What is the tens digit of 26668?
6
What is the ten thousands digit of 37077?
3
What is the thousands digit of 89341?
9
What is the thousands digit of 42322?
2
What is the tens digit of 2971?
7
What is the units digit of 1444?
4
What is the units digit of 6685?
5
What is the hundreds digit of 3197?
1
What is the units digit of 42214?
4
What is the tens digit of 8307?
0
What is the ten thousands digit of 10600?
1
What is